hat is 10011100001 - -100001111111?
110101100000
In base 4, what is 1203320133133 + 3?
1203320133202
In base 10, what is 587 - -7005?
7592
In base 3, what is -212100 + -10001101202020?
-10001102121120
In base 6, what is -351141110 + 5?
-351141101
In base 8, what is -14 + 11426602?
11426566
In base 7, what is -103213 + 352?
-102531
In base 4, what is 0 - -133211112310?
133211112310
In base 5, what is 12120 - -12101?
24221
In base 15, what is 1215 - -1990?
2ba5
In base 3, what is 100000 + -111020212222?
-111020112222
In base 6, what is 31440 + 34131?
110011
In base 8, what is -230672422 - 2?
-230672424
In base 5, what is 43200 - -103234033?
103332233
In base 4, what is -11333001013 + 0?
-11333001013
In base 2, what is 11 + -1101001010101010100011011?
-1101001010101010100011000
In base 3, what is 200 + -21011000022?
-21010222122
In base 10, what is -32553578 - 2?
-32553580
In base 7, what is 4356 + -1240220?
-1232531
In base 4, what is 103030102 + -2333?
103021103
In base 10, what is -263212 - -444?
-262768
In base 8, what is -21124603 - -37?
-21124544
In base 12, what is 84a073 + 21?
84a094
In base 5, what is -233003430123 - 2?
-233003430130
In base 2, what is -110011111 + -101000101101?
-101111001100
In base 5, what is -2403 + 104231343?
104223440
In base 10, what is -822941071 + 0?
-822941071
In base 16, what is 750 + 600?
d50
In base 9, what is -26750 + -40503?
-67353
In base 13, what is -21 + -2150540?
-2150561
In base 15, what is 2684915 + 1?
2684916
In base 3, what is 112 + -10220022210021201?
-10220022210021012
In base 2, what is 1000001011011 - 101010010?
111100001001
In base 11, what is -22240405 - 4?
-22240409
In base 16, what is 2094c6 - 4?
2094c2
In base 7, what is 0 + -23614351?
-23614351
In base 16, what is 1283c + 3b?
12877
In base 12, what is aa59 - 54?
aa05
In base 5, what is -3 + -32434123302?
-32434123310
In base 2, what is 1110111110 + -1011110000100100?
-1011100001100110
In base 14, what is 25 + 43632?
43657
In base 16, what is 28ee + 52?
2940
In base 13, what is -10a9 + -9b0?
-1a89
In base 11, what is -40a0a823 + 5?
-40a0a819
In base 13, what is -1 - 4335b6?
-4335b7
In base 10, what is -122 + 810733?
810611
In base 10, what is -47 + -1159966?
-1160013
In base 2, what is 1011010111101101001 - -1110?
1011010111101110111
In base 14, what is -c0 + -16?
-d6
In base 9, what is 10005 - 20674?
-10668
In base 13, what is -5b534630 + -4?
-5b534634
In base 16, what is 1425 - -4de0?
6205
In base 16, what is 100dff + -1bf?
100c40
In base 15, what is 9 + d942c?
d9436
In base 9, what is -343111023 + 2?
-343111021
In base 11, what is -4893951 - 21?
-4893972
In base 5, what is -13303331333 + 2?
-13303331331
In base 11, what is -4 + 491128?
491124
In base 15, what is -2d12c - -e4?
-2d038
In base 9, what is 6863385 - -8?
6863404
In base 15, what is 551 - -a778?
acc9
In base 8, what is -1 + -43467434?
-43467435
In base 7, what is 5140530232 - 5?
5140530224
In base 14, what is -4617 + 227?
-43d0
In base 9, what is 18543 + 1712?
21355
In base 7, what is 13506506 - 0?
13506506
In base 4, what is 233230 + -3312113?
-3012223
In base 4, what is 333 - -1202330211?
1202331210
In base 6, what is 1242100430 - -210?
1242101040
In base 12, what is 7 - -1403119?
1403124
In base 10, what is -191 + -1193515?
-1193706
In base 12, what is 62 + 2839410?
2839472
In base 5, what is 1101122 - -23232?
1124404
In base 4, what is -122200 - 133020?
-321220
In base 10, what is 82 + 1165578?
1165660
In base 4, what is 331131220 - 220123?
330311031
In base 10, what is -75934728 - -1?
-75934727
In base 3, what is 102102111 - 1002210110?
-200100222
In base 16, what is 60 - 11674b?
-1166eb
In base 6, what is -41205243 - -2503?
-41202340
In base 11, what is 2696691 + 87?
2696768
In base 11, what is -7 + 145a74?
145a68
In base 3, what is -22 - -200111211001110?
200111211001011
In base 8, what is 3471 + -333?
3136
In base 6, what is 32204100 + -23?
32204033
In base 8, what is 1244 - -732515?
733761
In base 4, what is 1032101131 + -130?
1032101001
In base 12, what is 8 - 126b9849?
-126b9841
In base 8, what is -30404 - 57470?
-110074
In base 14, what is 1d3b - -327?
2264
In base 8, what is 214 - -37060541?
37060755
In base 6, what is 5313035 + -50?
5312545
In base 14, what is -31 + 9215d?
9212c
In base 3, what is 12 + -11021110000012002?
-11021110000011220
In base 2, what is 11 + -11011100010010001001010?
-11011100010010001000111
In base 4, what is 110131110022 - -10231?
110131120313
In base 8, what is -3130226 - 5?
-3130233
In base 15, what is -3 + -18b23d?
-18b241
In base 14, what is -9 - -ac5a8?
ac59d
In base 8, what is 1 - -1045343004?
1045343005
In base 2, what is 10 + -11010000101100011000?
-11010000101100010110
In base 10, what is -764839 + 747?
-764092
In base 6, what is 2034 - -23154413?
23200451
In base 13, what is -a81975 + a5?
-a818a0
In base 15, what is 35578bc + -3?
35578b9
In base 2, what is -10101001000 - 1000011010010?
-1011000011010
In base 13, what is -c + 19ac55?
19ac46
In base 6, what is -1205 + -11421030?
-11422235
In base 4, what is 3121300 - 23120002?
-13332102
In base 12, what is -163508 + -49?
-163555
In base 2, what is 0 - -101010011011010111110011001?
101010011011010111110011001
In base 10, what is 2660 + 41974?
44634
In base 13, what is -29a1 - -64a?
-2354
In base 2, what is -10110101 - 1001111100100001111?
-1001111100111000100
In base 8, what is 12254 + 2311?
14565
In base 9, what is -2582 - -38838?
36246
In base 8, what is -66070 + -1732?
-70022
In base 9, what is 2680 - 142572?
-138782
In base 12, what is -46 - -aaa04?
aa97a
In base 8, what is 1300 - 571312?
-570012
In base 13, what is 1420408 - -1a?
1420425
In base 10, what is -1 - 52839480?
-52839481
In base 2, what is -1100001111 - 111010111110?
-1000111001101
In base 14, what is -bb72 - -7?
-bb69
In base 7, what is -442424 - -3314?
-436110
In base 15, what is -48390b09 - 5?
-48390b0e
In base 6, what is -13141 + 4550103?
4532522
In base 11, what is 2 - -1369935?
1369937
In base 3, what is -1021200100 + 20211?
-1021102112
In base 15, what is -85a303 - -24?
-85a2ce
In base 16, what is 251d - ac2?
1a5b
In base 9, what is -475174 + 12?
-475162
In base 3, what is -1100110101010020 + -212?
-1100110101011002
In base 15, what is a - -171cc2?
171ccc
In base 15, what is 1c12d - -28?
1c156
In base 10, what is -26478 - -217?
-26261
In base 4, what is 1112230 + -1121213?
-2323
In base 10, what is 29586 - 16968?
12618
In base 10, what is 64 - -123502?
123566
In base 7, what is 4 + -26331610?
-26331603
In base 13, what is -2acab + 24a?
-2aa61
In base 14, what is -7 - 251b8a?
-251b93
In base 14, what is 2611 + -d8?
2517
In base 14, what is 540 + 45b1b?
4625b
In base 7, what is -1565450540 - -4?
-1565450533
In base 7, what is 1 - 21164555?
-21164554
In base 3, what is 10022010220022 + -1112?
10022010211210
In base 14, what is 508391 + 43?
5083d4
In base 12, what is -11162b2 + -16?
-1116308
In base 7, what is 1126 - 624414?
-623255
In base 9, what is 103547 + -306?
103241
In base 7, what is -150413 - -1312?
-146101
In base 14, what is 12c73111 - 1?
12c73110
In base 11, what is 1 + -1822145?
-1822144
In base 5, what is 41243 - 110412?
-14114
In base 7, what is -1015621 - 250?
-1016201
In base 10, what is -242 - -10906?
10664
In base 5, what is -3314210414441 - 4?
-3314210420000
In base 2, what is 1001101101000001010010 + -11?
1001101101000001001111
In base 7, what is 2665364 - 1?
2665363
In base 16, what is 6929ec4 + -1?
6929ec3
In base 9, what is -23 + 1212384?
1212361
In base 10, what is -875 - -2073?
1198
In base 11, what is 2 - 1340421?
-134041a
In base 13, what is -21c209 - 6a?
-21c276
In base 9, what is -40485172 - 2?
-40485174
In base 15, what is -220ab628 + 4?
-220ab624
In base 7, what is -2024025654 - 0?
-2024025654
In base 3, what is -1122 - 112220002212111?
-112220002221010
In base 16, what is bb7e - -27?
bba5
In base 7, what is -5 + -210263544?
-210263552
In base 7, what is 644306 + -140?
644136
In base 14, what is c - 172595?
-172587
In base 11, what is -aa45 - -a86?
-9a6a
In base 13, what is -664 + 2362?
19cb
In base 7, what is 1 + 51523110?
51523111
In base 16, what is -18 + 1f6b6?
1f69e
In base 16, what is 65356 + -2e?
65328
In base 11, what is 3046 + -41686?
-39640
In base 7, what is 1430230